 digit of f?
7
Suppose -2*v + 1087 = -n, -11*v + 2177 = -7*v - 3*n. What is the hundreds digit of v?
5
Let m(k) be the third derivative of -k**6/120 + k**5/15 + k**4/4 + k**3/2 - 5*k**2. Let v = 0 + 5. What is the units digit of m(v)?
8
Let a = 3 - 1. Let h be 69 + -13 + (-8)/a. What is the tens digit of (11/2)/(13/h)?
2
Suppose 27*i + 2*i - 7685 = 0. What is the units digit of i?
5
Let q be 2/4 + (-663)/(-6). What is the units digit of q/(-5 + 4 - -4)?
7
Let t(g) = -5 + 5*g**2 - 5 + g**3 + 0 + 2*g + 7. What is the units digit of t(-4)?
5
Suppose 2*s + 20 = 38. What is the tens digit of (-1)/3 - (-606)/s?
6
Let x = 356 - 304. What is the units digit of x?
2
Suppose 1094 = 17*v - 3462. What is the tens digit of v + 4 - -1 - (-2 + 0)?
7
Suppose 0 = -8*i + 11*i - 9. Suppose -66 = -i*w + 252. What is the tens digit of w?
0
Let x = -492 + 680. What is the units digit of x?
8
Let m(k) be the third derivative of k**6/720 + k**5/120 + k**4/24 + k**2. Let a(v) be the second derivative of m(v). What is the units digit of a(2)?
3
Let u(w) = 123*w - 129. What is the hundreds digit of u(5)?
4
Suppose 73 = 11*j - 37. Suppose -v - 567 = -j*v. What is the units digit of v?
3
Let r = -130 + 255. Suppose 4*h - r = -u, -4*u - h = 2*h - 487. What is the units digit of u?
1
Let f(y) = y**2 + 2*y + 17. Suppose -5*b - 3*z = -2*z + 34, 2*b - 2*z = -4. What is the tens digit of f(b)?
4
What is the thousands digit of 5007 - (-12 - -17 - 7)?
5
Let h = 1354 + -2234. What is the units digit of (1 - 0)/(h/295 + 3)?
9
Let u(g) be the third derivative of -1/24*g**4 + 0 + 0*g + g**2 + 1/3*g**3. What is the units digit of u(-2)?
4
Let y = -3 - 5. What is the units digit of (-12)/y*96/9?
6
Suppose 0 = -x + 8*x - 5453. What is the tens digit of x?
7
Let f = 394 - 266. Suppose -j = j - f. What is the tens digit of j?
6
Let n(d) = d**2 - 9*d + 20. Let o be n(4). Suppose o = -5*f - 20, -24 = -5*v - 5*f + 31. What is the tens digit of v?
1
Let a(h) = 347*h**2 - 21*h + 131. What is the thousands digit of a(4)?
5
Let f = -1790 - -3197. What is the tens digit of f?
0
Let p(j) = j - 9. Let y be p(7). Let o(k) = -3*k**2 - k + 2. Let q be o(y). What is the units digit of 12/(-10)*60/q?
9
Let l(j) = 3*j - 22. Let n be l(9). Suppose 59 = 2*f - g + 4*g, -134 = -n*f - 3*g. Suppose -3*d - 100 = -4*k, -6*d - f = -k - 3*d. What is the units digit of k?
5
Suppose 18 + 72 = 5*z. Let t(p) = -p**2 + 23*p - 18. What is the tens digit of t(z)?
7
Suppose -2*n - 10 = -2*s, -s - 2*n - 22 = -6*s. Suppose -20 = -4*p, o + 195 = 6*o - s*p. What is the units digit of o?
3
Suppose -5*s = 4*g - 260, 2*s + 0*g - g = 117. Suppose -s = -2*i + 4. What is the units digit of 1 + 2 + i + -2?
1
Suppose -5*g = -4*q - 3615, 3*g + 5*q = 4*q + 2186. What is the hundreds digit of g?
7
Let w = 269 - 62. Suppose 9*u - w = 6*u. Suppose 4*z + u = 5*f, 3*z + 4 = -z. What is the tens digit of f?
1
Suppose -4*o + v - 3*v + 14744 = 0, 2*v = 4*o - 14760. What is the hundreds digit of o?
6
Suppose 4*z = -4*p + 1680, 2*p - 4*p = 2. What is the tens digit of z?
2
Suppose -4*k - 12 = -28. Suppose -4*b + 284 = -o + 84, 5*b = k*o + 250. What is the units digit of b?
0
Suppose 2*r - 2*z - 140 = 84, -4*r + z = -439. What is the units digit of r?
9
Let u(w) = w**3 + 11*w**2 - 14*w + 3. Let h(n) = 4*n - 14. Let v(z) = 9*z - 29. Let c(g) = 5*h(g) - 2*v(g). Let a be c(0). What is the tens digit of u(a)?
2
Suppose 0 = t - 9*t + 40. Suppose t*v - 320 - 95 = 0. What is the tens digit of v?
8
Suppose -2 + 17 = 3*i. Suppose i*r - 27 - 8 = 0. What is the units digit of r?
7
Suppose 0 = 19*f - 29*f + 30. What is the units digit of f?
3
Suppose -3*c = -13 - 2. Suppose -h = 4*h + c. Let k = h - -2. What is the units digit of k?
1
Let w be (-355)/2 + (3/(-6))/1. Let u = w - -267. What is the tens digit of u?
8
Let p(j) = 103*j**2 + 23*j - 70. What is the tens digit of p(3)?
2
Let o be -4 + (-4)/(-2) - 43. What is the units digit of o/(-30)*292/6?
3
Let m(g) = g - 1. Let i be m(4). Suppose 0 = 5*f - i - 2. What is the units digit of f?
1
Let a = -8 + 14. Suppose -39 = -7*c - a*c. What is the units digit of c?
3
Let u be (-3 - -9) + -173 - (-1 - 2). Let g = 259 + u. What is the tens digit of g?
9
Let m = 49 - 40. Suppose -m*o - 138 = -11*o. What is the tens digit of o?
6
Let s(g) = g**3 + 11*g**2 + 11*g - 2. Let k be s(-10). Let q = k + 96. Suppose i + 6*h - 28 = h, -3*i + 5*h = -q. What is the units digit of i?
8
Let x(k) = -k**3 + 12*k**2 - 2*k - 15. Suppose -18*i + 22 = -16*i. What is the units digit of x(i)?
4
Let b = -71 - -69. What is the tens digit of (-27)/18 + (-199)/b?
9
Let h(v) = v**3 - 7*v**2 + 7*v**2 + 0 + v + 7*v**2 + 2. What is the units digit of h(-4)?
6
Let p be -13 - -1 - (-13 - -14). Let v = p + 59. What is the tens digit of v?
4
Suppose p = -f + 4*f - 2, -2*f + 2*p = 4. What is the tens digit of 8/(-14) - f/(-14)*550?
7
Suppose -6 = -4*q + q. Suppose q*o + 2 = -0*o. What is the tens digit of (-10 - 2/2)/o?
1
Suppose 44 = -8*q + 4. Let i(g) = -5*g**3 - 4*g**2 - 10. Let a(v) = 6*v**3 + 4*v**2 + v + 11. Let d(r) = -4*a(r) - 5*i(r). What is the units digit of d(q)?
1
Let d = -122 + 195. Suppose 5*b - 4*p - 90 = 0, -3*p - d = -5*b + b. What is the units digit of b?
2
Suppose 10*f - 2*f - 32 = 0. Suppose 0 = -4*q + 16 + 8. What is the units digit of ((-2)/(-3))/(f/q)?
1
Let f = 1631 + -1172. What is the units digit of f?
9
Suppose 10*x - 21944 = 8236. What is the units digit of x?
8
Let v(b) = 3*b**2 - 36*b - 62. Let w(q) = -q**2 + 12*q + 21. Let g(p) = 2*v(p) + 7*w(p). What is the tens digit of g(12)?
2
Suppose 208 + 1740 = 3*m - 5*i, -5*m = -i - 3254. What is the hundreds digit of m?
6
Suppose 3*c + 4*r = 5*c - 14, c + 3*r - 2 = 0. Let m(f) = -3 + 0*f**2 - 2*f + f**2 + 2. What is the units digit of m(c)?
4
Suppose 2*v + 14 = 3*a + 2, 0 = -4*a - 2*v + 2. Suppose -7*y = -4*y + 9, -4*c = a*y - 518. What is the tens digit of c?
3
Let d = -40 - -37. Let q(b) = -3*b + 4. What is the units digit of q(d)?
3
Let j(b) = -3*b + 23. Let t be -8 + 2/(-6)*3 + 3. What is the units digit of j(t)?
1
Suppose -1199 = -8*n + 385. What is the units digit of n?
8
Let f(h) = -4*h**3 + 20*h**2 + 10*h - 4. What is the hundreds digit of f(-5)?
9
Let n = 695 + 93. What is the tens digit of n?
8
Let d = 24 + 35. What is the units digit of d?
9
Let y be (-4 - -20)*-1 - 4. Let i = y - -20. Suppose r + 2*j - 47 = i, 5 = j - 0. What is the units digit of r?
7
Suppose 0 = -3*r + x + 1205, 0*r = 4*r + 3*x - 1611. What is the hundreds digit of r?
4
Let q = 38 + -34. Suppose u + q = 0, 5*o - u - u = -122. Let k = 80 + o. What is the tens digit of k?
5
Suppose -y = -5*y - 20, 3*y = m - 69. What is the units digit of m?
4
Suppose 3*m = 4*y + 5848, y = 3 - 4. What is the hundreds digit of m?
9
Let h(c) = -4*c**2 + 5*c - 6. Let n(r) = 3*r**2 - 4*r + 5. Let b(d) = -2*h(d) - 3*n(d). Let l be b(3). Let j(v) = -5*v - 11. What is the tens digit of j(l)?
1
Let s be 2/3 - (-6)/(-9). Suppose 3*p - 9 + s = 0. Suppose -10 + p = -v. What is the units digit of v?
7
Suppose 3*j + 12 = -5*n, 2*n - 2*j + 12 = -5*j. Let x be -1 - 9/6*-2. Suppose x*t - 10 = -n*t. What is the units digit of t?
5
Suppose 23 - 11 = 6*r. Suppose 0 = d + r - 0, 0 = 5*y + 5*d - 355. What is the tens digit of y?
7
Let h(s) be the second derivative of s**4/4 - 2*s**3/3 + 2*s**2 - 5*s. Let l = -20 - -24. What is the tens digit of h(l)?
3
Suppose 8*a = 12*a - 48. What is the tens digit of 30/a*8/(-10)*-83?
6
Suppose -13 = 4*o + 3. Let c = o + -2. What is the units digit of 23 - c*(-4)/8?
0
Suppose 5*f - 4792 = -4*a + 5*a, -2872 = -3*f - a. Suppose 852 = 10*w - f. What is the hundreds digit of w?
1
Let y(d) = -4*d - 19. Let g be y(-6). Suppose b - 30 = -g*q, -6*b - 3*q = -4*b - 53. What is the tens digit of b?
2
Let v be (4/6)/(2/3). Let n be 0 + 0 - (-4)/(-28)*0. Let a = v - n. What is the units digit of a?
1
Let r be -1 + (-2)/(-4)*-4. What is the units digit of r + (-2 + 3)*52?
9
What is the thousands digit of 2853*((-704)/33)/(-16)?
3
Suppose 6*w = 2*w + 2*n + 70, 5*w - 107 = -4*n. Let a = -8 + w. What is the tens digit of a?
1
What is the hundreds digit of (-1584)/27*(-6 + -93)?
8
Let n = -149 + 310. Let v = -69 + n. Suppose -27 = -2*q + t + 15, -4*q + 4*t = -v. What is the tens digit of q?
1
Let r(n) = 11*n - 29